{"id":795,"date":"2013-05-06T00:49:12","date_gmt":"2013-05-05T22:49:12","guid":{"rendered":"http:\/\/500whp.net\/blog\/?page_id=795"},"modified":"2018-12-30T14:28:25","modified_gmt":"2018-12-30T12:28:25","slug":"500whp","status":"publish","type":"page","link":"http:\/\/500whp.net\/blog\/?page_id=795","title":{"rendered":"500whp.net"},"content":{"rendered":"<p><img decoding=\"async\" src=\"http:\/\/500whp.net\/blog\/wp-content\/uploads\/2013\/05\/500whp.jpg\" \/><\/p>\n<p>Voiko t\u00e4t\u00e4 selvemmin sanoa? 500whp.net on autokerho, jonka j\u00e4senet pit\u00e4v\u00e4t hauskaa yhdess\u00e4 autoilun parissa ja ovat valmiita repim\u00e4\u00e4n jonninjoutavat ja riitt\u00e4m\u00e4tt\u00f6m\u00e4t dynolappuset koska vain!<\/p>\n<ul>\n<li><a href=\"http:\/\/500whp.net\/blog\/?page_id=660\">Kerhon statistiikkaa<\/a><\/li>\n<li><a href=\"http:\/\/500whp.net\/blog\/?page_id=666\">J\u00e4senyys-info<\/a><\/li>\n<\/ul>\n<p>N\u00e4ill\u00e4 menn\u00e4\u00e4n, mik\u00e4\u00e4n ei riit\u00e4:<br \/>\n<iframe loading=\"lazy\" title=\"500whp.net goes ACS 2012\" width=\"625\" height=\"352\" src=\"https:\/\/www.youtube.com\/embed\/iAZLNAZ0LQo?feature=oembed\" frameborder=\"0\" allow=\"accelerometer; autoplay; clipboard-write; encrypted-media; gyroscope; picture-in-picture; web-share\" referrerpolicy=\"strict-origin-when-cross-origin\" allowfullscreen><\/iframe><br \/>\n<iframe loading=\"lazy\" title=\"Roskiin - Ei riit\u00e4\" width=\"625\" height=\"352\" src=\"https:\/\/www.youtube.com\/embed\/lRzJrrvyBp8?feature=oembed\" frameborder=\"0\" allow=\"accelerometer; autoplay; clipboard-write; encrypted-media; gyroscope; picture-in-picture; web-share\" referrerpolicy=\"strict-origin-when-cross-origin\" allowfullscreen><\/iframe><\/p>\n","protected":false},"excerpt":{"rendered":"<p>Voiko t\u00e4t\u00e4 selvemmin sanoa? 500whp.net on autokerho, jonka j\u00e4senet pit\u00e4v\u00e4t hauskaa yhdess\u00e4 autoilun parissa ja ovat valmiita repim\u00e4\u00e4n jonninjoutavat ja riitt\u00e4m\u00e4tt\u00f6m\u00e4t dynolappuset koska vain! Kerhon statistiikkaa J\u00e4senyys-info N\u00e4ill\u00e4 menn\u00e4\u00e4n, mik\u00e4\u00e4n ei riit\u00e4:<\/p>\n","protected":false},"author":1,"featured_media":0,"parent":0,"menu_order":0,"comment_status":"closed","ping_status":"closed","template":"","meta":{"footnotes":""},"class_list":["post-795","page","type-page","status-publish","hentry"],"_links":{"self":[{"href":"http:\/\/500whp.net\/blog\/index.php?rest_route=\/wp\/v2\/pages\/795"}],"collection":[{"href":"http:\/\/500whp.net\/blog\/index.php?rest_route=\/wp\/v2\/pages"}],"about":[{"href":"http:\/\/500whp.net\/blog\/index.php?rest_route=\/wp\/v2\/types\/page"}],"author":[{"embeddable":true,"href":"http:\/\/500whp.net\/blog\/index.php?rest_route=\/wp\/v2\/users\/1"}],"replies":[{"embeddable":true,"href":"http:\/\/500whp.net\/blog\/index.php?rest_route=%2Fwp%2Fv2%2Fcomments&post=795"}],"version-history":[{"count":24,"href":"http:\/\/500whp.net\/blog\/index.php?rest_route=\/wp\/v2\/pages\/795\/revisions"}],"predecessor-version":[{"id":1758,"href":"http:\/\/500whp.net\/blog\/index.php?rest_route=\/wp\/v2\/pages\/795\/revisions\/1758"}],"wp:attachment":[{"href":"http:\/\/500whp.net\/blog\/index.php?rest_route=%2Fwp%2Fv2%2Fmedia&parent=795"}],"curies":[{"name":"wp","href":"https:\/\/api.w.org\/{rel}","templated":true}]}}